 7 - (-2 + -16 + -22 + 47 + -25).
25
(0 - 5 - -18 - -33) + -2
44
Calculate (-12 - ((0 - 0) + -11)) + -28 + 3.
-26
What is the value of 17 - (-14 + 98 + -16)?
-51
1 + -2 + (12 - 22 - 28) + 11
-28
(-5 + 1 + -11 - -12 - 14) + 67
50
What is -34 - (-4 + 6 - (8 + (-6 - 8)))?
-42
What is the value of (229 - 194) + 0 + 2?
37
What is the value of 4 - -6 - ((-110 + 14 - -14) + 6)?
86
Evaluate (-5 - 0) + (2 - 21) + -32 + 48 - -33.
25
What is the value of (5 - ((14 + 14 + -37 - 0) + 1)) + 102?
115
Evaluate -18 - 3 - (1 - -22) - (7 + -2 + 3).
-52
What is (7 - -36) + 51 + -57 + (5 - 11)?
31
Evaluate (-31 - -6 - 3) + 24 + (1 - (2 + 23)).
-28
Calculate (-3 + 8 - 0) + -3 - -28 - 3.
27
What is -33 - 1 - (40 + -125 + 60)?
-9
What is the value of 3 + 0 + (13 - 39 - -65)?
42
Evaluate 41 - (74 + -50 + 65) - -117.
69
Evaluate 99 + (-24 + -15 - -18).
78
Evaluate 268 + -330 + (10 - (-13 + 3)).
-42
What is the value of 60 + -141 + -147 - -104?
-124
What is the value of (38 - (7 + 20)) + (2 - 65) + -1 - 5?
-58
What is (19 - (-17 - -26)) + (-25 - (-2 - 0)) + -7?
-20
-62 - (-35 + (-38 + -4 - -66))
-51
What is (1 - (-1 + (11 - 3) - (-5 + 5))) + 52?
46
Calculate -84 + (6 - -92) + -75.
-61
What is the value of -6 + (-8 - (-6 - (-12 + (9 - -5)))) - -74?
68
What is -2 - (-18 - 0 - ((-1 - (-9 - -9)) + 11))?
26
Calculate -8 - 7 - -71 - (3 + -2 - (48 - 41)).
62
What is the value of -128 + 87 + -7 + 26 + -31?
-53
Evaluate (-30 - -29) + 20 - 41.
-22
-13 + (-19 + 12 - (-6 - 36)) - -5
27
Calculate -2 + (-12 - (-78 + (-20 - -13)) - -12).
83
What is (-4 - 4) + (-32 - -86)?
46
Calculate (10 - 15 - 24) + (8 - -5 - 15).
-31
What is the value of -5 + 15 + -15 + -3 + 5 - (5 + -23)?
15
Calculate 10 + 18 + -13 + (-10 - -3 - 4).
4
What is the value of 101 + -14 + 7 - (-145 + 129)?
110
What is the value of (4 - 33) + -8 + 51 + 0 + 0 + 1?
15
(-160 - -204 - 52) + (-69 - 2)
-79
Calculate 120 - (-70 + 46 + 19).
125
What is 75 + -55 + 69 - 80?
9
Calculate (65 - 49) + (7 + -7 - 32) - (3 - 6).
-13
What is the value of 12 - ((11 - (-5 - -9 - 6)) + 32 + -38)?
5
Evaluate -34 + 87 + -1 + -91.
-39
Evaluate (33 - 59) + 57 + (2 - 96).
-63
11 + (-12 - 9) + -1 + -23
-34
What is -4 - (-58 - (71 + -35))?
90
What is the value of -26 + (-10 - -9) - (-644 - -675)?
-58
What is (-3 + 14 - (2 + 0)) + (-5258 - -5321)?
72
What is 24 + (29 - (29 + 22) - -3)?
5
-67 + -2 - (-8 + -10 - (-39 + -1 - -22))
-69
Evaluate -69 - (-102 - -70 - -19).
-56
Calculate 10 + (-48 + -1 - (-24 - -30)).
-45
(74 - 139) + 11 + 0 + -1 - -8
-47
Evaluate -23 - (-5 + 1 - (108 + -92)).
-3
What is (158 - 155) + (4 + 5 - 4 - -26)?
34
What is the value of -7 + 20 - (26 - -4 - (47 - 32))?
-2
Calculate (4 - (32 + -19)) + 37.
28
What is the value of -14 - (-59 + 37) - (1 - (60 + -6 - -1))?
62
What is -112 - (-9 + 54 + 19 + -40)?
-136
What is the value of 1403 - 1370 - (0 + (4 - (1 + -5)))?
25
Evaluate -56 - (-41 - -9) - 9.
-33
Evaluate 1 + 24 + (-118 - (122 - 201)).
-14
Evaluate -8 + 23 + -6 + (-28 - (24 - 33)) - 98.
-108
0 + (-1 - -57 - (-12 - -15)) - (191 - 193)
55
Evaluate -1 - -78 - (-345 + 444).
-22
Evaluate 4405 - 4426 - (0 - (-17 - 1)).
-39
What is (7901 - 7815) + (0 - -2 - -8)?
96
What is the value of -36 + -12 + -6 + (30 - 3)?
-27
What is the value of -7 + (-4 - -11) - 7 - 10 - 11?
-28
Evaluate -178 - -151 - (-14 + -6).
-7
What is -23 - (-12 - -3 - -84 - (-7 - -1))?
-104
Evaluate -8 + ((-8 - 4) + -7 - (-7 - -7)).
-27
What is -59 + (-29 - (-3 - -18 - 45))?
-58
What is (31 - 1) + (-19 - (-3 + -18 + 12))?
20
Evaluate 32 + -5 + 55 + -153 + 18.
-53
Evaluate 1755 + -1749 + (40 - 3).
43
What is the value of -10 + (-3 - (70 - 3) - 5) - (-7 - -2)?
-80
What is the value of -10 - 0 - (9 + 18 + -14 + (12 - 17))?
-18
Calculate -54 + (8 + 54 - 91).
-83
What is (0 - 3) + 1370 + -1335?
32
Calculate -80 - -102 - 56 - (6 + -9).
-31
(37 + (3 - -4) - 102) + 20
-38
Calculate (10 - 1) + (-9 - (0 + 0)) + (-18 - -3).
-15
Evaluate (8 - -5) + -11 - (-91 + 86).
7
Evaluate (65 - 45) + (-1 - 18) + 27 + -5.
23
What is the value of 55 + -104 + -2 + (2 - -20)?
-29
Evaluate 104 + -38 + (-70 - 51).
-55
What is the value of (-26 - (-26 + 28 - 36)) + 0 + -2?
6
2 + (-12 - -22) + (-64 - (-4 - (-15 + 2)))
-61
What is the value of -2 + 4 - (-217 + 420 - 263)?
62
Evaluate -87 - (32 + (-61 - 31)).
-27
Evaluate 35 - ((-2 - 1) + (18 - (-22 + 35))).
33
100 + -78 + 16 + -4
34
94 - ((-2 - -28) + -656 + 624)
100
What is (12 - 2) + -8 - (7 + -11 - (-3 - -66))?
69
Calculate (-2 - (5 + -9 + 9)) + 7 - (65 + -8).
-57
6 + -26 + (-56 - -60) + (96 - 1)
79
What is -1 + 6 + (6 - 90) + 1 + (1 - 2)?
-79
Evaluate -14543 + 14447 + (-1 - (32 + 3)).
-132
What is the value of -59 + 37 + 1 - ((3 - 1) + -12)?
-11
Evaluate (-26 - (-44 + 43 + -26)) + 43.
44
What is -30 + 44 + -15 + (-1 - 0 - (19 + 4))?
-25
Calculate (13 - (8 - -17 - -1)) + 43.
30
Calculate -58 + 0 + (19 - -32 - 60).
-67
(8 - 105) + (23 - (5 - -9))
-88
What is the value of 117 + (77 - 166) - (-1 + -8)?
37
What is (7 - (22 + 5 + -12) - (29 + -32)) + 67?
62
Evaluate 105 + -117 - (31 + 2 + 4 + -1).
-48
What is the value of 1819 + -1801 + (-57 - 2)?
-41
Evaluate 13 - (2 + 45 + (37 - 20) + -6 + 14).
-59
Evaluate -16 + -4 + -55 + 52 - -63.
40
What is 21 + 2 + -217 + 96?
-98
Calculate 4 + -6 + (228 - 250) + -36.
-60
What is the value of -2 + -5 + (0 - -10) + (-103 - -119)?
19
What is -397 + 353 - (-11 - 104)?
71
Evaluate (-5 - -1) + 5 + (28 - -130) + -46.
113
(-8 - (0 - -11 - 2 - -9)) + 11
-15
What is 35 - (7 - -21) - (5 + -1 + -7)?
10
What is 13 - -30 - 27 - 87?
-71
Evaluate -1 + -6 + (0 - -20) + (45 - (-55 + 27)).
86
What is the value of -8210 + 8185 - (-13 + (-1 - -1))?
-12
What is the value of -8 - (-13 + (20 - 8) + 13 + 5)?
-25
Evaluate -72 + 1 + (5840 - 5779).
-10
What is the value of -10 - (-16 - -24) - (-1 + -28)?
11
What is 9 - (-2 + 0) - (-26 - (25 + 27 + -50))?
39
Evaluate 45 - (-106 + 115 + 0 + -6 + -10).
52
Evaluate (-9949 - -9940) + (1 - -44 - 1).
35
Evaluate -11 + -18 + (15 - ((18 - 11) + -6)).
-15
What is 5 - 19 - (8 + 2) - (0 + -8)?
-16
Calculate (-3 + (29 - 10) - 55) + -6.
-45
Evaluate -44 + (42 - (-80 + 71)).
7
(-9 + -12 - -29) + (-12 - 9) - 111
-124
Calculate (36 - (-7 + 28)) + 5 - -15.
35
Evaluate (67 - (-5 + -12 + (-22 - -35))) + -18.
53
Calculate -4 + 22 + -4 - (334 + -344).
24
What is the value of -1 + (5 - 14 - ((1 - 9) + (-14 - 82)))?
94
-6 + -10 + 4 + -1 + 26
13
Calculate (-13 - (-38 - -46 - (7 + 3))) + -37.
-48
What is the value of -2 + 1 - 1 - (708 + -707) - -36?
33
-6 + (-7 + 10 + 3 + -3 - 21)
-24
(2 - -10) + (1 - 10) + 2 + -31
-26
Evaluate -9 + 7 + 7 + (11 - -2 - 19).
-1
What is the value of 135 + 0 - (-3970 + 4045)?
60
What is the value of (-39 + -31 + 40 - -62) + (0 - (-1 + 0))?
33
What is the value of -59 - -51 - ((0 - 1) + -4 + -108 + 160)?
-55
Evaluate (-5 - (4 + -6) - 4) + -13.
-20
Evaluate -14 - (10 + -1 - (518 - 513)).
-18
What is -18 + 24 + -2 + 11 + (-4 - 0) + 66?
77
Calculate -5 + -2 + 42 + -18 + 33.
50
What is the value of -85 + (8 - 4) - (-60 + 52)?
-73
10 + (1 - (0 + 1)) - (73 + -121 + 112)
-54
40 + (-15 - (42 + 33))
-50
Evaluate 27 + (14 - 9) + 6 + -11.
27
What is the value of 3 + -75 + -1427 + 1436?
-63
What is 139 + -197 + 72 - (-1 - (106 - 5))?
116
-130 - (-14 + -10 + 11 - (-4 - -4))
-117
What is the value of -14 + (95 - 103) + 44?
22
What is the value of -1 + -14 - ((10 + -9 - 12) + -31 + 13)?
14
What is -4 - ((-6 - (-6 - (1 - 10)) - -25) + 8)?
-28
12 + (0 - 8 - (-18 + -52 + 67)) - -34
41
What is (-3 + 4 - (-46 + 28)) + 13?
32
Evaluate -1 - -39 - 7 - (-89 - -102).
18
Calculate -2 + 3 - (45 + -58 + -16).
30
Calculate (41 - (1 + -1 + 1)) + 15969 + -15973.
36
What is the value of 19 - (35 + 24 - -23)?
-63
What is the value of 0 - -63 - (13249 - 13226)?
40
What is the value of -70 + 7 - (-5 + 9 - -6 - (-2 + 4))?
-71
What is -33 + 1 + 136 + -144 + 26?
-14
-45 + (1 + -38 - (702 + -757))
-27
286 + -276 + (-4 - -2 - 13)
-5
What is the value of 308 + -225 - -73 - (1 - -29)?
126
What is the value of 56 - (80 - -2) - (-10 + 0)?
-16
Calculate 104 + 121 + -139 - (19 + 1).
66
What is the value of -62 + (70 - 11) + 59?
56
What is the value of (0 + 1 - (62 + -62)) + 42 + -44?
-1
What is the value of -59 + (-28 - -75 - 19)?
-31
Calculate (-17 - 0) + 1305 + -1323.
-35
What is 68 + (-100 - (-71 + 21))?
18
Evaluate 1030